b(n) = 3 - n + 6*n - 3*n. Suppose 3*s = -o - 4*o - 22, 16 = 2*o - 5*s. Let i be b(o). Determine p(i).
4
Suppose 0 = 3*u + u. Let w = 33 - 28. Let v(z) = w*z - 2 - 3*z - z. Give v(u).
-2
Let c(x) = 3 + 2 + 5*x - 6. Determine c(-1).
-6
Let f(h) = 14*h**3 - 1. Suppose 2*y - 6 = -2*v, v = -0*y + 3*y - 1. Determine f(y).
13
Suppose 0*t - 5*t + 55 = 0. Let i(u) = -u**2 + 10*u + 12. Determine i(t).
1
Let v(k) = 1. Let p(f) = -f + 1. Let x(y) = -p(y) - 6*v(y). Calculate x(5).
-2
Let c(x) = x**3 + 5*x**2 - 8*x - 9. Let r be c(-6). Let p(l) = 2 - 3*l + 4*l**2 - 6 - l**3 + 7. Give p(r).
3
Suppose -2*x + 5 = -5. Let z be -1 + 1 + x + -7. Let l(y) = -5 - y + 1 + 3. Determine l(z).
1
Let v(w) = 12*w - 4*w**2 + 3*w**2 + 2*w**2 + 15 + 0*w**2. Calculate v(-10).
-5
Suppose 4*b - 13 = -1. Suppose -1 + 7 = i - 2*z, -14 = -b*i + 4*z. Let k(m) = -m**3 + 2*m**2 - m + 2. Calculate k(i).
0
Suppose 5*i - i + 28 = 0. Let s(m) = -m**3 - 7*m**2 - 2*m. Give s(i).
14
Let n = 8 - 3. Suppose n*v - 2*z = -0*z - 21, 2*z + 4 = 0. Let s(k) = k**2 + 7*k + 7. Determine s(v).
-3
Let k(j) be the first derivative of 2 + 2 - 1 - j**2 + j - j**2. Give k(1).
-3
Let u(t) be the third derivative of 4/3*t**3 + 0*t - 5*t**2 + 0 - 1/24*t**4. Determine u(5).
3
Let a(c) = -c**2 - 7*c + 9. Let i be a(-8). Let x be (i - 2)/(-1) + -7. Let j be x/(-4) + 1/(-2). Let d(n) = 7*n**2 - n. Calculate d(j).
6
Let o(x) = -5 - 2 + 1 + x**3 - 4*x**2 - 5*x + 3. Determine o(5).
-3
Let a(n) = n**3 + 3*n**2 - 5*n + 2. Let z(x) = x + 1. Let s(d) = -d - 1. Let k be 4/3*9/2. Let o(r) = k*z(r) + 7*s(r). Let f be o(3). Calculate a(f).
6
Suppose 4*b - 16 = r, -5*b + 45 = r + 4*r. Let c(p) = 10*p**3 + 1 - 8*p**3 + b*p**2 - 3*p**2 - p. Give c(-2).
-5
Let f(n) = n + 2. Suppose 0 = -2*r - 12 - 2. Give f(r).
-5
Let x(k) be the second derivative of -2*k**3/3 - 3*k. Let d be x(-3). Suppose t + r = -r + d, -10 = -2*r. Let l(j) = 2*j**2 - 2*j + 3. Give l(t).
7
Let l(w) = w**3 + 3*w**2 - 4*w + 3. Let h(p) = p**2 + 3*p - 10. Let q be h(-5). Let f be -4 + -2 + 2 + q. Calculate l(f).
3
Suppose 5*z = 3*s + 39, 0 = 2*z + 6*s - s + 3. Suppose -v + 3*k - 10 = 0, 0 = 4*k - k - z. Let j(c) = -c + 1. Give j(v).
5
Let n(w) = 9*w - 12. Let b(j) = -7*j + 10. Let x(i) = 5*b(i) + 4*n(i). Let r be 3/12 + (-10)/8. Let z be (-26)/(-6) - r/(-3). Calculate x(z).
6
Suppose 3*j - 8*j - 10 = 0. Let x(f) = -f**2 + f - 1. Let v(a) = 4*a**2. Let y(z) = j*x(z) - v(z). Suppose 4*q + 6 = -n, -3*n + 6*n = 6. What is y(q)?
-2
Let x(l) = l**3 + 4*l**2 - 5*l - 7. Let u be x(-5). Let z(c) = c + 4. Determine z(u).
-3
Let s(w) be the first derivative of w**2 + 4*w + 1. Let n = -4 + 6. Suppose -3 = c + n. Calculate s(c).
-6
Suppose 0 = -3*v - 0*y - 2*y + 10, 2*v + 3*y = 0. Let s(a) = -a**2 + 6*a - 6. Give s(v).
-6
Let k(r) = 1. Let i = -7 + 6. Let b(q) = -q**2 - q - 1. Let p(d) = i*b(d) - 5*k(d). Calculate p(0).
-4
Let d(z) be the second derivative of -z**4/12 - 36*z. Suppose -5*w + 49 + 26 = 0. Let y be 4/(-10) - (-36)/w. Calculate d(y).
-4
Let u(v) be the first derivative of -v**2/2 + 3*v - 1. Let b(q) = 2*q**2 - 19*q - 4. Let z be b(10). What is u(z)?
-3
Let l(q) be the first derivative of -q**3/6 + 3*q**2/2 + 3*q - 4. Let w(v) be the first derivative of l(v). Give w(4).
-1
Let r(k) = 3*k**2 + 7*k - 13. Let x(j) = -2*j**2 - 3*j + 7. Let i be (-1)/(((-8)/4)/10). Let n be (-2)/(16/6)*-4. Let l(o) = i*x(o) + n*r(o). What is l(5)?
1
Let g(a) = a**3 + 2*a**2 - 4*a - 2. Let w = -5 + 5. Suppose 2*x = 5*y, w = 5*y - x - 0*x. Suppose 0 = 3*j - i + 8, -j + 3*i = -y*i. What is g(j)?
1
Let r(x) = -x - 1. Let i be r(-6). Suppose i*z = 66 + 59. Suppose -3*t - 7 = -3*f + 17, 2*f = 5*t + z. Let w(j) = -2*j - 2. Calculate w(t).
4
Let j = -1 - -2. Let h(q) = q. Let d(b) = -3. Let i(x) = d(x) - 5*h(x). Let c(y) = y - 1. Let w(t) = j*i(t) + 4*c(t). Calculate w(-5).
-2
Suppose s = -5*m - 10, -4*s + 2 = 5*m - 3. Let g(y) = y**3 - 6*y**2 + 4*y - 3. Determine g(s).
-8
Let l be (2/(-6))/(3/(-18)). Suppose -2*o = -l*a - 10, 4*a + 7 = 2*o - 9. Let j(b) = -b**3 - 4*b**2 - 4*b - 1. Determine j(a).
2
Let q(y) be the first derivative of -y**3/3 + 2*y**2 + y - 3. Determine q(3).
4
Suppose -4 = -4*y + 6*y. Let a(q) = -2*q - 1 - 2 - q. What is a(y)?
3
Let n = 7 - 2. Let o(p) = -p + 7. Let q be o(n). Let t(w) be the third derivative of -w**6/120 + w**5/60 - w**3/6 - w**2. Determine t(q).
-5
Let k(v) = -v**2 + 8*v - 3. Let p be k(7). Let m = p + -2. Suppose 0 = -m*u - 2*u + 12. Let h(t) = -2*t - 3. Give h(u).
-9
Let g = -68 + 71. Let r(z) = -2*z**2 + 3*z + 4. Give r(g).
-5
Suppose 0 = 4*b - 5*n + 19 + 35, -2*n = -4*b - 60. Let u be 3/((-4)/b*4). Let x(h) = h**3 - 4*h**2 + 2*h + 4. Determine x(u).
1
Let m(h) = -h**3 + 0 - 9*h**2 + 10 + h**2 + 0*h**2. Give m(-8).
10
Let n(u) be the third derivative of -u**8/6720 + u**7/504 - u**6/240 - u**5/120 - u**4/24 + u**2. Let r(a) be the second derivative of n(a). Calculate r(3).
8
Let t = -14 + 19. Suppose -t = -4*l - 9. Let n(x) = -23*x**2 - 9*x. Let u(s) = 12*s**2 + 5*s. Let y(f) = -4*n(f) - 7*u(f). Determine y(l).
7
Let v(u) be the first derivative of 1/2*u**2 + 3 + u. Determine v(0).
1
Let w(u) be the third derivative of -u**5/20 - u**3/6 - 14*u**2. What is w(-1)?
-4
Let i(h) = -h**2 + 5*h - 5. Suppose 2*n = 5*j, -5*n - j + 19 = -4*j. Calculate i(n).
-5
Let z(f) = 3*f - 55. Let r be z(20). Let w(o) be the second derivative of -o**3/3 + 2*o**2 + o. Give w(r).
-6
Let u(n) = 77*n - 82*n + 2*n**2 - 1 + 2*n**2 + 3*n**3 - 2*n**3. Let x(s) = -s**2 - 7*s + 2. Let b be x(-7). Suppose -5*l = -b + 27. Calculate u(l).
-1
Let b(x) = -4*x + 4 - 3 - 3. Let f(g) = -g - 7. Let t be f(-11). Suppose t = -4*q - 4. What is b(q)?
6
Let s(l) = -l - 4. Let i(b) = -b**3 + 9*b**2 + 9*b + 7. Let f be i(10). Determine s(f).
-1
Let f = -2 - -7. Suppose -f*b - 2 - 8 = 0. Let p(d) = -3*d - 3 - d + 0*d. Determine p(b).
5
Let v(l) = -l**3 - 10*l**2 - l - 5. Let t be v(-10). Let a(f) = f + 6*f - t*f. Give a(-2).
-4
Let t(g) = -g**2 - 3*g - 1. Let p(v) = -5*v**2 - 13*v - 3. Let w(o) = -2*p(o) + 9*t(o). What is w(3)?
3
Let s(l) = l**3 + 5*l**2 - 2*l - 1. Suppose -15 = 4*n - 43. Suppose -4*p - 5*x + 15 = -2*p, p + 3*x - n = 0. Let b = 5 - p. Calculate s(b).
9
Let d(s) = -s**2 - 15*s - 8. Let k be d(-14). Let t = k + -3. Let o(c) = c**3 - 5*c**2 + 5*c - 2. Determine o(t).
-5
Let m(d) be the second derivative of d**3/6 + 3*d**2 + d. Calculate m(-5).
1
Let l be 5/((3 - 1) + -1). Let p(u) = -1. Let n(i) = 9*i - 4. Let y(x) = l*p(x) - n(x). Give y(-1).
8
Let r = 7/44 - -1/11. Let c(i) be the first derivative of r*i**4 + 0*i**3 + i - i**2 - 1. Calculate c(1).
0
Let a(p) = p**3 - p**2 - 3*p + 2. Suppose k + k - 4 = 0. Suppose 0 = -3*b + 6*b - k*o - 4, -3*o = 2*b - 7. Determine a(b).
0
Let d(j) = -2*j - 5. Let l be (1/3)/(6/450). Suppose -5*s - l = -0. Calculate d(s).
5
Let x(q) = q + 4. Let n = 13 - 15. Let s(p) = -2*p - 8. Let w(a) = n*s(a) - 5*x(a). Determine w(-3).
-1
Let v = 0 - -2. Let o(f) = f**3 - f**2 - v*f**2 + f**2 - 2*f**2 + 4*f. Calculate o(4).
16
Let a(g) = -3*g + 3. Let n = -1 - 3. Let m be n/(-2) + (3 - 2). Suppose -3 - m = -3*h. Determine a(h).
-3
Let s(p) = -p - 1. Let v(n) = -n**2 - 4*n - 3. Let o(r) = -3*s(r) + v(r). Let j = 3 - 1. Let b = 2 - j. What is o(b)?
0
Let w(b) = 0 + 2*b - 1 + 0 - 1. What is w(-3)?
-8
Let c be (0 + 1)*(-1 - -3). Let j(d) be the first derivative of -d**2 + 3*d + 1/3*d**3 - 1/4*d**4 + 2. Give j(c).
-5
Suppose -5*g + 5*i + 45 = 0, 4*g = -0*i - i + 26. Let l(a) = -2*a**2 + 8*a + 6. Calculate l(g).
-36
Let d(j) = 11*j**3 - 21*j**2 - 13*j - 9. Let i(o) = 5*o**3 - 10*o**2 - 6*o - 4. Let v(f) = -6*d(f) + 13*i(f). Give v(-4).
2
Suppose -12 - 43 = 5*b. Let v = -5 - b. Let a(i) = i**3 - 6*i**2 - i - 1. Give a(v).
-7
Suppose -4*k + 0 = -4. Let d(q) = -4*q**3. Calculate d(k).
-4
Let x(k) be the second derivative of k**5/20 + k**4/3 + k**3/3 + 3*k**2 - k. Let u = 24 + -28. Calculate x(u).
-2
Let o(z) = -z**2 + 6*z - 5. Let g(u) = -2*u**2 - 22*u - 14. Let w be g(-10). What is o(w)?
-5
Suppose 0*w = 2*j - 2*w - 8, 4*w + 18 = 5*j. Let c(q) = 39*q**j - 36*q**2 - 3 + 1 + q. Calculate c(-2).
8
Let x(w) = 6*w**3 + w**2 - 2*w + 1. Let v(c) = -c**3 + 4*c**2 + 1. Let o be v(4). Let m be x(o). Let b(u) = -u + 7. Determine b(m).
1
Suppose -3*b - 4*o + 93 - 26 = 0, o - 4 = 